-36915 (base 11) to base 10
-53014
Convert aefdb (base 16) to base 15.
e2593
What is -b20b82 (base 12) in base 8?
-12466222
What is 9a1bb7 (base 12) in base 11?
1423a45
-15716 (base 12) to base 16
-76c2
What is -522542 (base 15) in base 14?
-7396c6
What is 204a (base 15) in base 7?
25612
What is 2240556 (base 7) in base 10?
278802
Convert -9ae95 (base 15) to base 16.
-78479
-23097c (base 14) to base 5
-301132040
1081b8 (base 13) to base 15
7a4ae
Convert 733acd (base 14) to base 12.
1377471
Convert 2330131030 (base 4) to base 2.
10111100011101001100
What is 456480 (base 10) in base 9?
765150
-16a77 (base 16) to base 7
-534346
Convert 14eedc (base 15) to base 7.
11414562
-47feb (base 16) to base 4
-1013333223
Convert 212212222000 (base 3) to base 4.
1302302202
What is 112311012 (base 4) in base 6?
2000530
Convert -12ca7 (base 14) to base 6.
-554455
What is 232324241 (base 5) in base 15?
15d781
-4959c1 (base 13) to base 7
-20626165
11130310013 (base 4) to base 6
50342315
Convert -123328 (base 11) to base 3.
-100220002211
119dbc (base 14) to base 15
bdcd5
7a2bb (base 15) to base 11
246090
Convert 10015244 (base 6) to base 3.
112100101201
What is -b62343 (base 14) in base 12?
-2088707
What is -21316545 (base 7) in base 4?
-12330103311
Convert 132a79 (base 11) to base 14.
561da
-990c5 (base 14) to base 7
-3102335
Convert 41411502 (base 6) to base 3.
2020220222202
-10011111001101111100 (base 2) to base 5
-131332111
-313189 (base 11) to base 4
-1322203311
Convert b64dd (base 16) to base 3.
1101221022012
1030312103 (base 4) to base 16
4cd93
What is 1402205 (base 11) in base 9?
4485715
Convert 106075a (base 11) to base 7.
21545446
Convert 10001010100111 (base 2) to base 16.
22a7
Convert 20124401 (base 6) to base 13.
170023
Convert -27254750 (base 9) to base 14.
-1adc1a8
What is 10231013231 (base 4) in base 14?
2416b3
What is 341000010 (base 5) in base 15?
1e96a5
Convert 10671187 (base 9) to base 2.
10011110001101001001111
16755436 (base 9) to base 4
200020012011
Convert 121212110112101 (base 3) to base 11.
5073510
What is -57223 (base 12) in base 11?
-7a248
Convert -177513 (base 9) to base 14.
-2c3a8
What is -14268 (base 16) in base 14?
-22116
What is 451db8 (base 14) in base 9?
4368881
What is 325483 (base 10) in base 13?
b51c2
-1166212 (base 8) to base 3
-121101122210
5a1b56 (base 12) to base 10
1454898
Convert 15708 (base 9) to base 13.
4ba4
111121022102 (base 3) to base 2
1000001010111111010
Convert 10101001101101011 (base 2) to base 15.
1ab2b
Convert 90916 (base 12) to base 3.
100112210200
What is 471f35 (base 16) in base 12?
1689445
-194541 (base 11) to base 6
-10223150
-10011000101001010110 (base 2) to base 7
-5212565
273e9 (base 16) to base 9
264445
-122033314 (base 6) to base 13
-63ac12
Convert -a5dbe7 (base 15) to base 7.
-124043644
-1667dc (base 14) to base 7
-6453365
-3d85a (base 15) to base 9
-331084
What is -100000001100001 (base 2) in base 7?
-66023
What is 164a83 (base 13) in base 8?
2070434
What is 1226aaa (base 11) in base 16?
208925
What is 3eda5 (base 15) in base 8?
612735
What is a07646 (base 11) in base 9?
3040040
-315a32 (base 11) to base 3
-221200200102
-33234433 (base 5) to base 7
-2315314
Convert 1931a8 (base 13) to base 8.
2330550
What is 127b21 (base 16) in base 3?
2021112102010
What is 1626010 (base 7) in base 8?
670116
-11111010010100110 (base 2) to base 14
-349ca
What is 1911 (base 14) in base 16?
11ab
Convert -24142322 (base 5) to base 9.
-372220
What is 5001220 (base 9) in base 12?
a82316
-32014033 (base 6) to base 3
-1202111222210
-138494 (base 11) to base 16
-34c91
What is 103bbc (base 13) in base 8?
1345772
337e39 (base 16) to base 6
200155213
330241311 (base 5) to base 14
28ba62
Convert -161871 (base 11) to base 5.
-31020044
What is 468748 (base 15) in base 6?
200121205
Convert 522004 (base 7) to base 8.
256667
-6474004 (base 9) to base 3
-20112111000011
1033023233 (base 5) to base 2
1000100001111010100100
1b9dc1 (base 14) to base 10
987813
Convert -46dd32 (base 16) to base 11.
-2692241
Convert 4023402 (base 5) to base 16.
fae3
What is 31241434 (base 8) in base 12?
2280564
What is -60462 (base 9) in base 8?
-115502
Convert -82987 (base 11) to base 8.
-354216
Convert 3156ba (base 14) to base 15.
22dd9d
Convert 118b258 (base 12) to base 14.
650548
Convert 51615 (base 10) to base 8.
144637
What is -2683400 (base 11) in base 8?
-21524771
What is 1043533 (base 6) in base 2?
1100110111010001
-359836 (base 10) to base 16
-57d9c
Convert -21204352 (base 6) to base 10.
-623084
Convert 8524838 (base 10) to base 13.
19c62aa
What is -15f61 (base 16) in base 13?
-31c36
-30213332 (base 4) to base 12
-25b12
What is 486aa4 (base 12) in base 11?
731449
Convert 2303400 (base 7) to base 3.
112120121120
1631574 (base 9) to base 13
25987c
What is 142032404 (base 5) in base 12?
2b6338
-95a4a (base 11) to base 5
-13432223
Convert 44681 (base 10) to base 2.
1010111010001001
What is -25c13 (base 15) in base 14?
-32079
-123201 (base 11) to base 5
-22211234
-112311222122 (base 4) to base 7
-101613503
17c010 (base 15) to base 6
40423453
330174 (base 11) to base 13
155ccb
What is -4723847 (base 9) in base 3?
-11210210221121
6455326 (base 7) to base 8
3001101
What is 296a (base 13) in base 11?
4568
Convert bcb59 (base 13) to base 10.
342468
7164462 (base 8) to base 4
13032210302
-120a5a (base 16) to base 6
-41201334
Convert -395643 (base 11) to base 13.
-18a371
Convert 29c1db (base 15) to base 9.
3711428
What is -467331 (base 8) in base 9?
-262645
What is 513067 (base 14) in base 10?
2735859
-129d9 (base 15) to base 8
-164324
-33512737 (base 8) to base 4
-123221113133
What is 80907 (base 11) in base 4?
130313100
-c70c38 (base 13) to base 12
-16873a6
What is 2101350 (base 9) in base 11?
6a7762
What is -1451571 (base 8) in base 11?
-263536
What is -1892187 (base 12) in base 16?
-4ed777
-1177303 (base 9) to base 16
-9cae6
Convert 146487 (base 11) to base 9.
377003
100101001101001110 (base 2) to base 14
3d778
-2700224 (base 8) to base 5
-143110222
What is -5bc6 (base 13) in base 7?
-52630
What is 1010101110110101011 (base 2) in base 14?
92227
2513354 (base 11) to base 12
1567549
Convert -257026 (base 10) to base 12.
-1048aa
-83295 (base 11) to base 12
-5a363
Convert -11001101101110 (base 2) to base 15.
-3d7b
Convert 20243120 (base 7) to base 4.
12130330010
What is -303132003 (base 4) in base 2?
-110011011110000011
Convert -c9468 (base 15) to base 4.
-2123332121
2a158 (base 14) to base 13
38780
What is 1564357 (base 8) in base 4?
1232203233
Convert -2041234 (base 6) to base 15.
-1e421
Convert 23528c (base 14) to base 10.
1205132
What is -1101310 (base 7) in base 3?
-20212010021
Convert 31f414 (base 16) to base 5.
1314224443
What is 7667052 (base 9) in base 16?
3ed971
What is -3700582 (base 9) in base 16?
-1ea451
Convert -21224402 (base 5) to base 12.
-881a1
-10153200 (base 6) to base 9
-488480
What is -24053443 (base 6) in base 15?
-ed530
12851 (base 16) to base 10
75857
34130304 (base 5) to base 13
a7593
-3cb15 (base 14) to base 7
-1164225
-5b17a (base 15) to base 4
-1012330132
4645335 (base 8) to base 2
100110100101011011101
34716272 (base 8) to base 6
430221334
22a40 (base 11) to base 14
c154
What is -4116ab (base 12) in base 10?
-1018787
-5990 (base 13) to base 15
-3b18
Convert 1d492 (base 14) to base 10.
75000
What is -14c93b (base 13) in base 5?
-112412342
What is 238344 (base 11) in base 5?
44031314
Convert 1628526 (base 12) to base 9.
8471783
What is 42304314 (base 5) in base 13?
c4cc5
-5015 (base 6) to base 11
-902
Convert 1000000212210 (base 3) to base 9.
1000783
What is -262923 (base 11) in base 13?
-11640c
What is -182628 (base 9) in base 6?
-2233255
-1101011101000100111100 (base 2) to base 16
-35d13c
Convert -1010111001011111100000 (base 2) to base 9.
-5333864
Convert -19659 (base 13) to base 3.
-2111210110
What is -10202001221 (base 3) in base 16?
-11fd1
Convert -311521 (base 8) to base 11.
-70633
What is 13459 (base 13) in base 15?
a987
-2a0367 (base 13) to base 10
-1028788
What is -80540 (base 10) in base 3?
-11002110222
Convert -2488425 (base 9) to base 8.
-5133661
Convert -27407 (base 16) to base 7.
-1236506
-101201220212200 (base 3) to base 8
-25611432
-3cccc (base 14) to base 3
-21122201210
1055778 (base 13) to base 8
23002171
